146*s - 21. Determine l(22).
639
Let t(a) = -21*a**2 - 289*a + 7. Calculate t(-14).
-63
Let c(m) = 165*m - 1156. Calculate c(7).
-1
Let i(l) = -l**3 - 40*l**2 + 42*l + 58. What is i(-41)?
17
Let s(o) = o**3 + 5*o**2 - 58*o - 125. Give s(-2).
3
Let g(m) = m**3 + 23*m**2 + 84*m - 46. Calculate g(-18).
62
Let v(r) = -r**3 + 50*r**2 - 93*r - 123. What is v(48)?
21
Let j(t) = 20*t - 51. What is j(3)?
9
Let u(s) = -104*s + 702. Determine u(0).
702
Let x(h) = -237*h**2 + 1399*h + 135. Determine x(6).
-3
Let g(w) = 11*w + 775. What is g(-71)?
-6
Let h(w) = 1626*w + 17883. Give h(-11).
-3
Let x(j) = -7*j - 80. Give x(-7).
-31
Let y(o) = -38*o + 673. Determine y(20).
-87
Let h(b) = -b**3 - 20*b**2 - 16*b + 66. Calculate h(-19).
9
Let r(t) = t**3 + 14*t**2 + 5*t + 159. Determine r(-15).
-141
Let m(w) = -w**3 + 17*w**2 + 11*w + 133. Determine m(18).
7
Let s(c) = -22*c**2 - 225*c - 594. Determine s(-5).
-19
Let n(z) = -41*z + 286. Calculate n(11).
-165
Let k(o) = -o**3 - 18*o**2 + 2*o + 15. What is k(-7)?
-538
Let i(r) = 5*r**3 - 9*r**2 + 182*r - 176. Give i(1).
2
Let p(s) = 4*s**2 + 580*s + 30. What is p(-145)?
30
Let c(g) = g**2 - 4*g - 114. Determine c(-11).
51
Let f(v) = 3*v**3 + 2*v**2 - 24*v - 51. What is f(-2)?
-19
Let c(o) = 14408*o - 172894. What is c(12)?
2
Let k(f) = -f**2 + 39*f + 39. Give k(33).
237
Let f(m) = 78*m**2 + 1407*m + 41. Give f(-18).
-13
Let x(l) = -l**3 - 28*l**2 - 26*l + 86. Determine x(-27).
59
Let y(h) = 3*h**2 + 25*h - 5. Give y(-10).
45
Let r(m) = m**3 - 23*m**2 - 40*m + 17. What is r(25)?
267
Let f(n) = -2717*n - 5446. Determine f(-2).
-12
Let t(a) = -54*a + 1512. Determine t(28).
0
Let i(m) = -m**2 - 16*m - 42. Calculate i(-14).
-14
Let u(s) = s**3 - 38*s**2 - 3*s + 297. Determine u(38).
183
Let x(o) = -o**3 - 38*o**2 + 314*o - 40. What is x(-45)?
5
Let q(k) = 4*k + 41. Calculate q(-32).
-87
Let a(b) = 54*b + 3552. Determine a(-65).
42
Let a(f) = -f**3 - 12*f**2 - 4*f + 12. Calculate a(-8).
-212
Let l(p) = 24*p**3 + p**2 + 80*p + 78. Determine l(-1).
-25
Let l(t) = 2577*t - 10301. What is l(4)?
7
Let d(c) = 29*c - 9. Determine d(12).
339
Let d(h) = h**3 + 13*h**2 + 119*h + 1293. What is d(-12)?
9
Let c(d) = d**3 - 49*d**2 - 108*d + 105. Determine c(51).
-201
Let a(b) = 129*b + 8393. Give a(-65).
8
Let q(y) = y**3 + 5*y**2 - 118*y + 236. What is q(7)?
-2
Let b(x) = 10*x - 2. Determine b(2).
18
Let w(r) = -24*r**3 + r + 2. Give w(2).
-188
Let x(o) = o - 27. Calculate x(4).
-23
Let o(n) = -3697*n + 36979. Calculate o(10).
9
Let l(b) = -11*b**2 + 216*b - 216. What is l(1)?
-11
Let l(v) = -2*v**2 + 70*v - 83. What is l(29)?
265
Let h(q) = -q**3 - 144*q**2 + 591*q - 162. Give h(-148).
-14
Let f(a) = 3*a**3 + 38*a**2 + 121*a - 5. Give f(-6).
-11
Let a(x) = 351*x - 9126. Give a(26).
0
Let s(l) = 189*l + 3765. Calculate s(-20).
-15
Let r(y) = 6*y - 250. Determine r(43).
8
Let m(b) = -b**3 - 9*b**2 + 22*b - 9. Determine m(-9).
-207
Let c(z) = 13*z**2 - z + 2. What is c(3)?
116
Let f(i) = -9*i**2 + 133*i - 469. Determine f(8).
19
Let u(b) = b**3 + 8*b**2 - 7*b - 3. What is u(-3)?
63
Let l(u) = -u**2 + 20*u - 81. Calculate l(5).
-6
Let i(a) = 19*a**2 + 49*a - 3. Determine i(-3).
21
Let a(i) = i**3 - 35*i**2 + 45*i - 390. Determine a(34).
-16
Let l(j) = -2*j**2 - 40*j + 185. Determine l(6).
-127
Let v(i) = -12*i**2 + 219*i - 13. Determine v(18).
41
Let h(y) = -y**3 - 3*y**2 + 33*y. Calculate h(-7).
-35
Let r(y) = -13*y + 57. Give r(-3).
96
Let d(n) = 2*n**2 - 78*n + 97. What is d(44)?
537
Let a(f) = 3*f**3 + 3*f**2 - 16*f - 21. Give a(-2).
-1
Let q(r) = -35*r + 86. Calculate q(6).
-124
Let v(s) = s**2 - 2*s - 7. Calculate v(5).
8
Let j(m) = 148*m - 13323. Calculate j(90).
-3
Let a(h) = 15*h**2 + h. Give a(1).
16
Let o(d) = d**3 + 12*d**2 - 14*d - 22. Determine o(-12).
146
Let v(p) = 263*p**3 + 3*p + 2. Calculate v(-1).
-264
Let a(t) = -2*t**2 - 183*t - 1115. Determine a(-85).
-10
Let g(v) = 10*v - 14. Give g(19).
176
Let v(a) = 580*a + 3549. Calculate v(-6).
69
Let z(s) = 73*s**2 + 18*s + 17. What is z(-1)?
72
Let g(x) = x**3 + 69*x**2 + 683*x + 4. Determine g(-57).
61
Let w(i) = -i**2 - 112*i + 4275. Calculate w(30).
15
Let o(y) = -222*y**2 - y + 2. Calculate o(1).
-221
Let c(z) = -z**2 - 6*z + 7. Calculate c(-14).
-105
Let z(x) = -2074*x**2 + 26966*x - 41. Give z(13).
11
Let u(t) = 11*t**2 + 9*t + 6. Determine u(4).
218
Let v(y) = -73*y - 565. Calculate v(-10).
165
Let s(x) = 4*x**3 - 444*x**2 - 448*x + 69. What is s(112)?
69
Let z(p) = p**3 + p**2 - 9*p - 71. Determine z(0).
-71
Let d(s) = 8*s**2 + 3*s + 20. Give d(-3).
83
Let q(l) = -319*l + 10209. Calculate q(32).
1
Let u(d) = d**3 - 41*d**2 + 112*d + 53. Calculate u(38).
-23
Let h(s) = 97*s + 927. Determine h(-10).
-43
Let w(v) = -v**3 - 73*v**2 + 153*v + 229. Give w(-75).
4
Let j(w) = -379*w + 2269. Determine j(6).
-5
Let p(k) = -k**3 - 9*k**2 + 48*k + 23. Determine p(-12).
-121
Let d(x) = -4*x**3 + 41*x**2 - 3*x - 82. What is d(10)?
-12
Let z(o) = 26*o**2 + 7*o - 8. What is z(1)?
25
Let j(o) = 16*o**2 - 6*o - 14. Calculate j(-1).
8
Let v(u) = -4*u + 45. Give v(13).
-7
Let c(w) = -659*w + 1327. Determine c(2).
9
Let h(w) = 6*w**2 + 9*w - 18. Determine h(2).
24
Let l(y) = -y**3 - 122*y**2 + 761*y - 903. Give l(-128).
-7
Let s(o) = 2*o**2 + 17*o - 92. What is s(7)?
125
Let p(x) = x**3 - 62*x**2 + 68*x - 59. What is p(61)?
368
Let a(l) = -2171*l + 8671. Give a(4).
-13
Let s(f) = -76*f + 1656. Determine s(22).
-16
Let o(i) = i**3 + 15*i**2 - 58*i + 6. Determine o(-17).
414
Let u(t) = -159*t + 299. What is u(4)?
-337
Let x(y) = -3*y**2 + 79*y - 464. Calculate x(17).
12
Let v(q) = -117*q - 7478. What is v(-64)?
10
Let b(c) = c**3 - 13*c**2 + 4*c + 141. What is b(9)?
-147
Let o(u) = 1003*u - 7113. What is o(7)?
-92
Let s(g) = g**3 + 7*g**2 - 2*g - 54. What is s(-5)?
6
Let b(c) = -2*c**2 + 32*c + 616. Calculate b(30).
-224
Let u(l) = -l**3 + 50*l**2 - 44*l + 58. What is u(49)?
303
Let w(c) = -28*c + 3189. Calculate w(114).
-3
Let o(b) = -b**3 + 7*b**2 - 14*b + 34. Determine o(3).
28
Let z(n) = -6043*n - 60413. Calculate z(-10).
17
Let h(f) = -45*f**3 - f**2 + 3*f - 3. Give h(1).
-46
Let a(n) = 19929*n + 99646. Calculate a(-5).
1
Let l(j) = 340*j - 4063. Determine l(12).
17
Let k(t) = -12*t - 1011. What is k(-47)?
-447
Let l(y) = -29*y + 98. Determine l(1).
69
Let n(q) = q**3 - 8*q**2 + 14*q + 11. Determine n(9).
218
Let b(n) = -1466*n - 35190. Give b(-24).
-6
Let u(r) = -185*r - 549. Calculate u(-3).
6
Let d(q) = 10*q + 115. What is d(-14)?
-25
Let i(c) = c**2 - 9*c - 135. Calculate i(17).
1
Let m(q) = 13*q**3 + 8*q**2 + 9*q - 19. What is m(1)?
11
Let b(l) = 2*l**3 + 62*l**2 - 53*l + 401. Determine b(-32).
49
Let v(s) = -s**2 - 34*s - 231. Calculate v(-9).
-6
Let h(k) = k**2 + 13*k - 6. Determine h(-11).
-28
Let q(u) = 25*u - 1838. Determine q(72).
-38
Let i(g) = 4*g**2 + 122*g - 519. Determine i(4).
33
Let y(l) = l**3 + 7*l**2 + 218*l + 2121. What is y(-9)?
-3
Let y(q) = -q**3 - 34*q**2 + 63*q - 1782. Calculate y(-37).
-6
Let k(g) = -116*g - 543. Determine k(-6).
153
Let v(w) = w**3 + 7*w**2 + 52*w + 66. What is v(-5)?
-144
Let h(v) = 163*v**2 + 6845*v - 57. Calculate h(-42).
-15
Let r(c) = -63*c - 1301. Calculate r(-22).
85
Let r(k) = 4*k + 260. Give r(-32).
132
Let z(b) = -1506*b - 25598. Give z(-17).
4
Let d(q) = -10*q**3 - 521*q**2 - 36*q + 823. What is d(-52)?
-9
Let c(y) = 26*y**2 - 53*y + 27. Determine c(1).
0
Let m(g) = -24*g + 919. What is m(36)?
55
Let h(s) = 856*s - 1741. What is h(2)?
-29
Let q(n) = 862*n + 4304. Give q(-5).
-6
Let h(p) = -37*p**2 + 38*p - 8. Give h(1).
-7
Let b(a) = 87*a - 1064. Calculate b(11).
-107
Let a(k) = -4*k**3 + 7*k**2 + 6*k - 1. What is a(-1)?
4
Let d(y) = 143*y + 41. Determine d(3).
470
Let l(i) = 1119*i + 2225. Give l(-2).
-13
Let d(a) = 2*a**2 - 40*a + 80. Calculate d(3).
-22
Let g(b) = -b**3 + b**2 + 6*b + 16. What is g(-5)?
136
Let z(i) = 46*i + 5025. What is z(-102)?
333
Let y(s) = s**3 + s**2 - 2*s - 8. Give y(2).
0
Let k(a) = 11*a + 1022. Determine k(-94).
-12
Let v(p) = 2*p**3 + 50*p**2 + 96*p + 92. Determine v(-23).
0
Let d(w) = 131*w - 961. What is d(7)?
-44
Let w(o) = o**2 + 13*o - 95. What is w(4)?
-27
Let m(k) = 40*k - 5601. What is m(140)?
-1
Let a(y) = -y + 137. Give a(3).
134
Let n(i) = -15*i - 239. What is n(-19)?
46
Let h(m